 48 divide 1047216?
True
Is 5 a factor of 54075?
True
Is 2484144 a multiple of 12?
True
Does 1149 divide 1131444?
False
Is 3232494 a multiple of 27?
True
Is 55 a factor of 46420?
True
Is 3188231 a multiple of 11?
False
Does 186 divide 800035?
False
Does 5 divide 6639154?
False
Does 66 divide 1108943?
False
Does 1564 divide 3961576?
False
Does 23 divide 87501?
False
Is 55 a factor of 19375?
False
Does 69 divide 92874?
True
Does 3 divide 62832?
True
Does 191 divide 57909?
False
Is 42 a factor of 165018?
True
Is 956950 a multiple of 30?
False
Is 12 a factor of 298452?
True
Is 526 a factor of 355576?
True
Is 332851 a multiple of 83?
False
Is 23 a factor of 384746?
False
Does 61 divide 196602?
False
Is 107 a factor of 13303631?
True
Does 94 divide 5863687?
False
Is 20 a factor of 1372540?
True
Is 7304661 a multiple of 273?
True
Is 125124 a multiple of 24?
False
Is 281754 a multiple of 29?
False
Does 3 divide 2423829?
True
Is 594996 a multiple of 358?
True
Is 7 a factor of 34111?
True
Is 8 a factor of 4473304?
True
Does 2 divide 172336?
True
Is 74 a factor of 1042885?
False
Is 134 a factor of 66801?
False
Is 5 a factor of 126940?
True
Is 11027 a multiple of 2?
False
Is 79 a factor of 306242?
False
Does 14 divide 113386?
True
Is 275 a factor of 21175?
True
Does 191 divide 3467784?
False
Is 850934 a multiple of 914?
True
Is 250776 a multiple of 1161?
True
Is 4091094 a multiple of 959?
True
Is 1301225 a multiple of 238?
False
Is 6419166 a multiple of 442?
True
Is 4388504 a multiple of 72?
False
Is 34 a factor of 745069?
False
Is 10457 a multiple of 23?
False
Is 143407 a multiple of 633?
False
Is 225186 a multiple of 78?
True
Does 11 divide 949518?
False
Is 60 a factor of 447420?
True
Is 14797280 a multiple of 160?
True
Is 36423 a multiple of 71?
True
Is 597 a factor of 1476381?
True
Is 397234 a multiple of 62?
True
Is 41974 a multiple of 62?
True
Does 21 divide 3089604?
True
Is 278 a factor of 6161314?
True
Is 78447 a multiple of 237?
True
Does 334 divide 538005?
False
Does 91 divide 565656?
True
Is 49332 a multiple of 24?
False
Is 1019868 a multiple of 17?
False
Is 128934 a multiple of 174?
True
Does 359 divide 515883?
True
Is 843784 a multiple of 8?
True
Is 2701877 a multiple of 93?
False
Is 14 a factor of 194348?
True
Is 2741 a factor of 3118900?
False
Does 437 divide 1446470?
True
Does 705 divide 444855?
True
Is 4870 a multiple of 5?
True
Does 112 divide 336?
True
Does 27 divide 1667372?
False
Is 2578160 a multiple of 130?
True
Does 84 divide 200439?
False
Is 691992 a multiple of 504?
True
Is 1714575 a multiple of 25?
True
Is 198929 a multiple of 163?
False
Does 4 divide 66129?
False
Is 12 a factor of 449831?
False
Does 22 divide 850190?
True
Is 1473 a factor of 18424252?
False
Is 314 a factor of 333510?
False
Is 493452 a multiple of 9?
True
Is 94812 a multiple of 4?
True
Is 436322 a multiple of 34?
True
Is 103847 even?
False
Is 16295564 a multiple of 116?
True
Is 177 a factor of 2659108?
False
Does 9 divide 233626?
False
Is 870 a factor of 655980?
True
Is 30 a factor of 10461?
False
Is 18 a factor of 1921428?
True
Is 69847 a multiple of 76?
False
Is 31062 a multiple of 186?
True
Is 3380869 a multiple of 31?
False
Is 1725729 a multiple of 429?
False
Is 4745665 a multiple of 14?
False
Does 45 divide 10439370?
True
Does 341 divide 872146?
False
Is 17451 a multiple of 3?
True
Is 374514 a multiple of 241?
True
Is 1020829 a multiple of 29?
True
Is 191168 a multiple of 58?
True
Is 156506 a multiple of 50?
False
Is 12094390 a multiple of 77?
True
Does 4 divide 27102?
False
Is 29861 a multiple of 138?
False
Is 22426 a multiple of 39?
False
Is 381700 a multiple of 220?
True
Is 156 a factor of 156624?
True
Does 21 divide 622356?
True
Is 332884 a multiple of 26?
False
Is 60682 a multiple of 43?
False
Is 68 a factor of 1038904?
True
Is 8 a factor of 131847?
False
Is 55210 a multiple of 5?
True
Is 88 a factor of 965836?
False
Does 7 divide 236049?
False
Is 20 a factor of 5501180?
True
Is 11 a factor of 9111265?
False
Does 307 divide 9080139?
True
Is 155514 a multiple of 3?
True
Is 3245 a multiple of 6?
False
Does 41 divide 74283?
False
Does 7 divide 1499302?
True
Does 50 divide 1195150?
True
Is 10 a factor of 3311670?
True
Does 23 divide 752674?
False
Does 957 divide 5052960?
True
Does 14 divide 5669?
False
Is 16 a factor of 178176?
True
Is 56 a factor of 345417?
False
Is 1503271 a multiple of 7?
True
Is 308593 a multiple of 412?
False
Is 396 a factor of 190636?
False
Is 1516832 a multiple of 214?
True
Is 8 a factor of 2273666?
False
Is 3107403 a multiple of 81?
True
Is 2079855 a multiple of 571?
False
Is 76 a factor of 426921?
False
Does 16 divide 256048?
True
Does 13 divide 83694?
True
Is 25 a factor of 1437425?
True
Is 199584 a multiple of 9?
True
Does 19 divide 217733?
False
Is 296 a factor of 523624?
True
Is 41 a factor of 5785428?
True
Is 9 a factor of 9327342?
False
Is 293425 a multiple of 46?
False
Does 85 divide 59585?
True
Does 81 divide 2325186?
True
Does 326 divide 180524?
False
Does 114 divide 435366?
True
Does 98 divide 59249?
False
Is 1027725 a multiple of 193?
True
Does 328 divide 268960?
True
Is 300262 a multiple of 3?
False
Is 39 a factor of 20904?
True
Does 153 divide 184977?
True
Is 328826 a multiple of 232?
False
Does 38 divide 7749340?
True
Does 15 divide 506363?
False
Is 79500 a multiple of 12?
True
Is 38600 a multiple of 5?
True
Does 9 divide 3611061?
True
Does 203 divide 7531430?
False
Does 521 divide 850793?
True
Does 14 divide 588532?
True
Is 22120 a multiple of 10?
True
Is 114237 a multiple of 9?
True
Is 8 a factor of 609928?
True
Is 767669 a multiple of 6?
False
Is 127 a factor of 517982?
False
Is 1543950 a multiple of 470?
True
Does 3 divide 21499?
False
Is 84 a factor of 147420?
True
Is 9 a factor of 1025967?
False
Does 178 divide 5112932?
False
Is 3294813 a multiple of 257?
False
Does 54 divide 123390?
True
Does 15 divide 484950?
True
Is 23 a factor of 2420566?
True
Is 23 a factor of 81949?
True
Does 12 divide 1093313?
False
Is 473606 a multiple of 187?
False
Does 10 divide 721460?
True
Does 13 divide 1103349?
True
Does 53 divide 6512215?
False
Is 144925 a multiple of 26?
False
Is 56278 a multiple of 38?
True
Does 14 divide 772287?
False
Is 824 a factor of 630360?
True
Does 63 divide 430290?
True
Does 256 divide 201756?
False
Is 119748 a multiple of 51?
True
Is 1601910 a multiple of 334?
False
Is 328706 a multiple of 14?
True
Is 169 a factor of 5167571?
False
Is 628951 a multiple of 2?
False
Is 1555452 a multiple of 12?
True
Does 14 divide 15407714?
True
Does 6 divide 9395574?
True
Is 83 a factor of 3103545?
False
Is 545 a factor of 1280999?
False
Is 34740 a multiple of 18?
True
Does 1017 divide 1637655?
False
Is 1314 a factor of 1823832?
True
Is 278 a factor of 1342740?
True
Is 31 a factor of 8494?
True
Does 7 divide 2957020?
False
Is 64 a factor of 2333411?
False
Is 193 a factor of 590324?
False
Is 631844 a multiple of 548?
True
Is 423 a factor of 1337391?
False
Does 35 divide 62650?
True
Is 7008371 a multiple of 19?
False
Is 23 a factor of 2813636?
True
Is 18 a factor of 22573?
False
Is 44 a factor of 193347?
False
Is 38 a factor of 670662?
True
Does 118 divide 2618892?
True
Is 578 a factor of 16184?
True
Is 112275 a multiple of 25?
True
Does 99 divide 116551?
False
Is 19240 a multiple of 130?
True
Is 266890 a multiple of 10?
True
Is 17 a factor of 3791?
True
Is 732 a factor of 2480016?
True
Is 7416114 a multiple of 17?
True
Is 22623 a multiple of 120?
False
Is 7020136 a multiple of 31?
True
Is 13317179 a multiple of 1566?
False
Does 20 divide 160562?
False
Does 71 divide 370456?
False
Is 2979001 a multiple of 47?
True
Does 93 divide 35764?
False
Is 920964 a multiple of 44?
True
Is 1040270 a multiple of 22?
True
Is 43785 a multiple of 234?
False
Does 22 divide 539088?
True
Is 308 a factor of 1093708?
True
Does 62 divide 97935?
False
Is 21369 a multiple of 3?
True
Is 31356 a multiple of 67?
True
Does 38 divide 9316954?
True
Is 9795930 a multiple of 345?
True
Does 151 divide 1058123?
False
Is 70062 a multiple of 6?
True
Is 7732 a multiple of 5?
False
Is 237 a factor of 232734?
True
Does 719 divide 1888652?
False
Is 328935 a multiple of 3?
True
Is 2375410 a multiple of 1570?
True
Is 26 a factor of 43706?
True
Does 38 divide 